 -110 - -191. What is the tens digit of y?
8
What is the units digit of (-23)/(-69) + 17792/12?
3
Suppose -92*b + 94*b - 214 = 0. What is the hundreds digit of b?
1
Suppose 5*j + 1275 = r + 183, 0 = -4*r + 4*j + 4400. What is the tens digit of r?
0
Let c(i) = 4*i. Let k be c(1). Let w be (49/(-28))/(1/k). Let s(v) = -v - 6. What is the units digit of s(w)?
1
Let p = 675 + -153. Suppose 248 = 7*n - p. What is the hundreds digit of n?
1
Suppose -f = -3*c + 3, 0 = -3*c - c + 5*f + 15. Suppose -4*p = 3*t - 162, -3*t = -c*t + 2*p - 156. Let h = 85 - t. What is the units digit of h?
5
Let o(l) = l**2 - 9*l - 12. Let x be o(10). Let b(v) = 10*v**2 - 2*v. What is the units digit of b(x)?
4
Suppose -5*p + 80 = -2*c - 38, 0 = 2*p + 5*c - 53. Let j = p - 7. What is the units digit of j?
7
Let l be 1/3 - (-48912)/36. Suppose 4*g + 5*g - l = 0. What is the tens digit of g?
5
Let x be 24*5/(-20)*2. Let i = x + 74. What is the tens digit of i?
6
Let f = -83 + 413. Suppose -10*q = -15*q + f. What is the units digit of q?
6
Let x(p) = 42*p**2 - 10*p + 17. What is the thousands digit of x(-6)?
1
Let p(z) = 739 - 24*z**3 + z - 739. What is the units digit of p(-1)?
3
Suppose 4*j - 140 = 208. Let k = j - 149. Let o = -30 - k. What is the units digit of o?
2
Suppose 2 = -7*l + 8*l. Suppose -8 = l*h, -u + 4*u = h + 319. What is the units digit of u?
5
Suppose 0 = -38*v + 50935 + 113567. What is the thousands digit of v?
4
Suppose 287 = 3*d - 211. Let g = d - 81. What is the tens digit of g?
8
Let n(i) = -i**2 + 11*i + 22. Let k(b) = 2*b**2 - 10*b - 21. Let t(c) = 2*k(c) + 3*n(c). What is the units digit of t(-14)?
8
Suppose 659 = 4*z + g, 3*z = 2*z + g + 166. Suppose -320 = -5*u + z. What is the tens digit of u?
9
Let j(z) = -z**2 - 13*z + 33. Suppose 62 + 42 = -8*l. What is the tens digit of j(l)?
3
Suppose -3*u + 211 + 683 = 0. What is the tens digit of u?
9
Suppose 0 = -15*r + 17*r - 8. Suppose -2*h - r*n + 7 = -7, -3*n + 12 = 2*h. Suppose 8*a = h*a + 85. What is the units digit of a?
7
Let t be 1*18 + (-1)/(-1). Suppose x + x = -l - 8, 5*x + t = -3*l. What is the units digit of 486/11 + l/(-11)?
4
Let s = -1360 - -3948. What is the thousands digit of s?
2
Let h(s) = 0*s - 3*s - 3*s - 2. Let l = 445 + -447. What is the tens digit of h(l)?
1
Suppose -2*k + k = 14. Let p be (-4)/6*(k - 1). What is the units digit of p/((20/(-6))/(-5))?
5
Let v(r) = -r + 9. Let q be v(5). Suppose -s = -d + s + 77, 2*s = -q. What is the units digit of d?
3
Suppose -61*w - 663366 = -199*w. What is the tens digit of w?
0
Let r(l) = -l**2 + 4*l + 4. Let i be r(4). Suppose -2*s - 6 = -i*s. Suppose 2*c = 5*m - 0*m + 45, -65 = -s*c + 5*m. What is the tens digit of c?
2
Suppose 0 = -5*d + 15, 3*i + 7*d - 4*d - 324 = 0. Suppose -n + 39 = -2*z, -6*z + z + i = 2*n. What is the tens digit of n?
4
Suppose 2*k + 5*v - 6581 = 0, -11*k = -14*k - 2*v + 9855. What is the tens digit of k?
8
Suppose y - 4*r = 6, -2 = 4*y + 5*r - 26. What is the units digit of (-31642)/(-91) - y/(-21)?
8
Let n = -795 + 1602. What is the units digit of n?
7
Let q(t) = 168*t**3 - 1. Let b(z) = -z**3 - 2*z**2 - 2*z - 3. Let i be b(-2). What is the tens digit of q(i)?
6
Let a(o) = -o + 292. Let z be a(0). Suppose -4*t + 4*d + z = 0, -t + 28 = 4*d - 35. What is the units digit of t?
1
Suppose 10 + 0 = 2*m. Suppose -166 = -2*n + 4*u + 42, 534 = m*n + 4*u. What is the units digit of n?
6
Let d(r) = -9*r - 14. Suppose -8*l + 4*c - 4 = -3*l, -2*l + 3*c + 4 = 0. What is the units digit of d(l)?
2
Suppose -12004 = -3*a + 7*w, -4140 - 3860 = -2*a + 2*w. What is the tens digit of a?
9
Suppose 0 = -5*r + 4*a + 1012, 2*r + 2*a - 412 = -0*a. What is the hundreds digit of r?
2
Suppose -g = 4*u - 392 - 1520, 2*u - 4*g = 974. What is the units digit of u?
9
Let m be (-2)/(-4)*(9 - -893). Let w = m + -257. What is the hundreds digit of w?
1
Suppose -5*w = -28 - 12. Suppose w*c = -5*c + 1014. What is the units digit of c?
8
Let b = 86 - 132. Let m be (7 + -5)*b/4. Let t = m + 28. What is the units digit of t?
5
Let r = 9 - 9. Let d(p) = -5 + 1 + r*p + p. What is the units digit of d(11)?
7
What is the hundreds digit of (1 - 0 - 2)*22253/(-77)?
2
Suppose 2809 = 5*t - 3411. What is the thousands digit of t?
1
What is the tens digit of (10746/(-270))/((-2)/10)?
9
Let p be ((-3)/(-9))/(3/27). Suppose -p*i = 3, -u + 19 = 6*i - 2*i. What is the tens digit of u?
2
Suppose 0 = 2*b - 3 - 425. Suppose -40 = 3*t - b. Let a = t - 14. What is the units digit of a?
4
Let u = 69 - 57. Suppose -84 - u = -i. What is the tens digit of i?
9
Suppose -28 - 4 = -4*n. Suppose -n*z - 1645 = -15*z. What is the hundreds digit of z?
2
Suppose -3 = 4*q + 4*t + 1, q + 9 = t. Let v(z) = -z**3 + 2*z - 7. What is the units digit of v(q)?
8
Suppose 12*d + 435 = 17*d. Let j = d - 27. What is the tens digit of j?
6
Let k be -3 + (8*5 - 0). Suppose -62 = 2*f + 2*f + d, -3*f = -4*d + k. Let i = 9 - f. What is the tens digit of i?
2
Let t = 125 + -9. Suppose -4*b + t = -132. What is the tens digit of b?
6
Let g = -8 - -10. Let s be (-6)/g - -3 - -9. What is the units digit of (15 - 1)*(s + -7)?
8
Let z = -743 + 1823. What is the units digit of z?
0
Suppose 10 - 30 = -5*g, 3*g = 4*l + 288. Suppose -4*q + 82 = 18. What is the tens digit of (l/4)/((-4)/q)?
6
Let u = 34 + -1. What is the units digit of (16/(-3))/(-1) - 11/u?
5
Let q be 1 + 3 + 88/(-4). Let g = q - -18. Suppose -2*o = -h - g*o + 17, 60 = 3*h - 3*o. What is the tens digit of h?
2
Let a be 8/(-24)*(-1 - 8). Suppose 8 = -4*b - 5*n - 1, a*b - n = 17. Suppose -109 = -3*w - b*f, 2*w = -0*w - f + 81. What is the units digit of w?
3
Let f(w) = 167*w + 44. What is the units digit of f(1)?
1
Suppose 0 = -4*c - 2*b - 64, 0*b - 80 = 5*c - 2*b. Let r(v) = v**2 + 12*v + 23. What is the tens digit of r(c)?
8
Let m = 2065 + -1299. What is the hundreds digit of m?
7
Let v be 2/(-9) + 4/18. Suppose v = 3*r + 2*c - 105, c + 3 = -0*c. Suppose r = x - 12. What is the units digit of x?
9
Let i(c) = -c**3 + 27*c**2 + 96*c - 82. What is the hundreds digit of i(29)?
0
What is the tens digit of 2/6 - ((-1380)/18 + -4)?
8
Let l(z) = 21*z + 115. What is the hundreds digit of l(18)?
4
Suppose 5*i - 29 = -3*x, 5*i = 3*x + x + 8. Let a(s) = 4*s**3 - 2*s**2 - 6*s + 1. What is the tens digit of a(x)?
7
Let b = -106 - -110. Suppose 0 = b*j - 4*m - 1064, -j - 4*j + m = -1310. What is the hundreds digit of j?
2
Let a be 12/(-9)*-3*22. Suppose -3*w = -7*w + a. What is the tens digit of (w/(-8))/(3/(-36))?
3
Let k(m) = 40*m**3 - m**2 - m. What is the hundreds digit of k(2)?
3
Let q be 4 + 2*2/4. Suppose z + q*z - 156 = 0. What is the units digit of z?
6
Let b be (2 - 2)/(-1)*(-2)/(-4). Let h = 8 + -4. Suppose -2*s - h*j + 150 = b, -3*s + 4*j - 280 = -7*s. What is the tens digit of s?
6
Suppose 6 = 5*s + 4*g, 0 = -s - 4*g - 0 - 2. Let i(u) = 3*u**2 - 2*u**s + 6*u + 1 - 4*u**2 + 2*u**3 - 3*u**3. What is the tens digit of i(-5)?
2
Let m = -5438 - -7793. What is the units digit of (-3 + (-16)/(-5))/(3/m)?
7
Suppose -12*i + 1960 = -5*i. Suppose -6*p = -182 - i. What is the tens digit of p?
7
Let i = -2771 - -7785. What is the tens digit of i?
1
Suppose -26*y + 24*y + 10 = 0. Suppose -2*p - 149 = -y*t, 2*t - 5*p = -p + 50. What is the tens digit of t?
3
Suppose 10*s - 2*w - 116 = 6*s, 4*s = w + 116. What is the units digit of s?
9
Let z be ((-16)/(-16))/(2/(-12))*-50. Suppose 0 = -7*f + z + 155. What is the units digit of f?
5
Suppose 9*y = 4*y + 75. Let q = -6 + y. Suppose 21 = k - 3*a, -2*k + 2*a + q = -37. What is the units digit of k?
4
Let i = 56 + -20. What is the tens digit of i?
3
Let y(m) = -m**3 - 6*m**2 + 9*m + 36. Let l be y(-5). Let s = 2 + -5. What is the units digit of 3 - ((-3)/s + l)?
6
Let t(m) = 10*m**2 - 5*m - 12. Let b be t(-7). Let q = -299 + b. What is the hundreds digit of q?
2
Let x(i) = 2*i**2. Let y be x(-1). Suppose 2*s + 6 = -y. What is the tens digit of ((-38)/19)/(s/42)?
2
Suppose 5*a + 21 + 417 = 4*t, -3*t = 3*a - 315. What is the units digit of t?
7
Let v(z) = z**3 - 26*z**2 - 5*z + 26. Let p be v(26). Suppose 19 = -3*t - 3*u - 62, -2*t = -5*u + 33. What is the units digit of (p/t)/(1/3)?
3
Suppose -u = -2*u. Suppose -14 = -2*y + 5*p, u = -2*y + 3*y - 3*p - 8. Suppose -y*c = c - 105. What is the tens digit of c?
3
Let u 